4. Suppose 3*l - 10 = h*l. List the prime factors of l.
2, 5
List the prime factors of (-296)/(-3) - 10/15.
2, 7
Let b = -9 + 11. Suppose 1 - 65 = -b*t. What are the prime factors of t?
2
Suppose -5*z + 26 = -74. Suppose 24 = 2*p - v, v + z = 3*p - 14. List the prime factors of p.
2, 5
Suppose 2*t = 238 + 58. Suppose 0 = 5*a - a - t. What are the prime factors of a?
37
Suppose -4*t + 12 = -0*t. Suppose -t*u - 40 = -7*u. Let v = u - 2. What are the prime factors of v?
2
Let i = 1 - -2. Suppose -5*g + 32 = 4*m - 8, -i*g = -m - 41. List the prime factors of g.
2, 3
Suppose 5*v = 3*g - 136, -3*v = 5*g - 27 - 211. Suppose g = h + 14. What are the prime factors of h/(-2)*2/(-3)?
11
Suppose -3*v = -2*v + 3. Let x(q) = -q**2 - 6*q - 1. Let y be x(v). What are the prime factors of (-2)/y + 245/20?
2, 3
Suppose 4*p + 180 = -0*p. Let i be 10/p - 184/(-18). Let j = 12 - i. List the prime factors of j.
2
Let k = 52 - 48. What are the prime factors of k?
2
Let c(l) = l**2 + l + 3. Let g be c(0). Let x = 5 - g. What are the prime factors of x?
2
Suppose -3*c + 953 - 185 = 0. What are the prime factors of c?
2
Suppose -2*p - 42 = -5*l, 3*l - 8*l - p + 54 = 0. List the prime factors of l.
2, 5
Let z(f) = 23*f**2 + f. Suppose 3*y - 2 - 1 = 0. Let d be z(y). Suppose j - d = -j. What are the prime factors of j?
2, 3
Let a(m) = -m + 8. Let d be a(6). Suppose 3*s + 2*q - 20 = 0, -2*s - 3*q + 32 = 3*s. What are the prime factors of d*s/(8/11)?
11
Let l(v) = v**3 + 4*v**2 + v + 4. Let o be l(-4). Suppose 0 = 5*b + 3*w - o*w - 89, -3*b + 5*w = -33. List the prime factors of b.
2
Let j(q) = -q**3 - 9*q**2 - 2*q - 9. Let m be j(-9). Let a = m - 2. What are the prime factors of a?
7
Let u = -10 - -13. Suppose u*a + 5*r = 26, 5*r = a + a + 16. Suppose 2*c - a*o - 56 = 0, 0 = -2*c + o + 3*o + 66. List the prime factors of c.
23
Let w(m) = -2*m + 5. Let b = -5 - -7. Suppose -t = 5*c - 0*c + 30, b*c = -5*t + 11. List the prime factors of w(c).
19
Let b = 6 + -3. What are the prime factors of b/(2*3/20)?
2, 5
Let b(i) = -2*i - 4. List the prime factors of b(-3).
2
Let d be -3*39/(-18)*2. Suppose -u + d = -0*u. What are the prime factors of u?
13
Suppose -5*v - 3 = -q - 2, 121 = 5*q + 4*v. List the prime factors of q.
3, 7
Let h(u) = -4*u - 6. Let q be h(-10). Suppose o = -o + q. What are the prime factors of o?
17
Let w = -5 + 9. Suppose -w*f = f - 25. What are the prime factors of f?
5
Let n(u) = 2*u + 5. Let r be n(5). Suppose 0*z = 3*z + r. Let w = 8 + z. List the prime factors of w.
3
Let g = -62 - -111. What are the prime factors of g?
7
Let h = -226 - -323. List the prime factors of h.
97
Let d(h) = 5*h - h + h**3 - 5*h - 2*h**2 + 0*h**3. What are the prime factors of d(3)?
2, 3
List the prime factors of 9659/39 + (-12)/(-9).
3, 83
Let v(c) = 4*c**2 - 5*c - 7. Let n(t) = 5*t**2 - 5*t - 7. Let y(z) = -2*n(z) + 3*v(z). What are the prime factors of y(5)?
2, 3
Let g(i) = -i**2 + 11*i - 13. Let f be g(9). Suppose f*h + 25 = 0, n - 4*h - 28 = -6. Let a = 13 - n. List the prime factors of a.
11
Let y = -3 - -3. Suppose 2*j + y*j = 28. What are the prime factors of j?
2, 7
Suppose -17 = -3*r - 4*x, 2*r + 2*x + 4 = 14. Suppose 0 = r*c - 4*c + 12. List the prime factors of c.
2, 3
Let y(x) be the first derivative of -3*x**2 - 2*x + 9. Let v be ((-1)/(-2) + 0)*-4. What are the prime factors of y(v)?
2, 5
Suppose 0*y - 6 = -2*y. Let m(s) = -s**3 + 2. Let w(z) = -z**3 - z + 1. Let j(a) = -3*m(a) + 2*w(a). List the prime factors of j(y).
17
Let j(u) = -u + 2 + 1 - 1. Let r be j(-2). Suppose r*y - 4 = 0, -3*l - 2*y = -51 + 16. List the prime factors of l.
11
Let g(s) = -s - 2. Let f be g(-5). Suppose 0 = 3*z - z. Suppose f*a - a - 16 = z. List the prime factors of a.
2
Suppose -i - 4*p + 9 = -31, -4*i + 90 = 2*p. Let k = -7 + i. List the prime factors of k.
13
Let i(k) = -19*k + 4. What are the prime factors of i(-16)?
2, 7, 11
Let x(r) = -5*r**2 + 2*r - 1. Let w be x(1). Let d(j) be the third derivative of -j**4/24 + j**3/6 + 2*j**2. What are the prime factors of d(w)?
5
Let i(v) = -4*v**3. Let g(b) = b + 7. Let a be g(-8). Let c be i(a). Suppose -4 = -c*r + 48. What are the prime factors of r?
13
Suppose 2*l - 4*l = -4*y + 32, 4*l = -y - 10. Suppose -5*u = 2*t - 7*t - 25, -5*u + 13 = -2*t. Let k = u + y. What are the prime factors of k?
7
Suppose q - 94 = -3*y, -2*q = -3*y + 2*y + 36. List the prime factors of y.
2
Let v = 11 - 5. Let j = v - 3. Suppose 11 = -j*z + 4*z. What are the prime factors of z?
11
Suppose 7*m = -2*p + 2*m + 31, -p + 17 = 3*m. Let r be ((-12)/8)/((-6)/p). Suppose s = f - 11, f + 0*s = -r*s + 14. What are the prime factors of f?
2, 3
Let n be (-10)/(-15) + (-292)/6. Let i(l) = l**2 + 8*l + 3. Let r be i(-5). What are the prime factors of r/(-30) - n/5?
2, 5
List the prime factors of (-2)/(2*(-2)/264) + 1.
7, 19
Let s(x) = x**2 - 4*x + 3. Let c be (-26)/(-7) + (-14)/(-49). List the prime factors of s(c).
3
Let v be (-2)/(-9) + (-212)/(-18). Suppose 5*w - v = 2*w. List the prime factors of w.
2
Let t(l) = 35*l**2 - l - 2. Let h be t(2). Suppose h = 5*p + 46. List the prime factors of p.
2, 3
Suppose -5*w - 2*o = -1 - 22, -5*o = -5*w + 30. Suppose 4*g = -y - w, y + y + 5 = -3*g. What are the prime factors of y - 1*(-5 - 0)?
2
Suppose 5*n - 5 = -0. Let v(x) = -x - 12. Let w be v(-19). Suppose -o + w = -s, s + 2 - n = -o. What are the prime factors of o?
3
Let n = 6 + 33. What are the prime factors of n?
3, 13
Suppose 3*y - 30 = -0*y. Suppose 4*m = 2*m + y. Suppose 5*v + m = 5*z, -2*v - 4*z + 10 = -3*z. List the prime factors of v.
3
Suppose 4*n + i = -1 + 37, 9 = n - 3*i. Suppose -31 - 19 = -f. Suppose -4*w - f = -n*w. List the prime factors of w.
2, 5
Suppose -6*d + 2*d + 244 = 0. What are the prime factors of d?
61
Suppose -2*i = -1 - 3. Suppose v = -i*v. Suppose -46 = -2*f - v*f. What are the prime factors of f?
23
Suppose s + 14 = 2*g - 3*s, -5*g + 4*s = -23. Suppose -g*v + 0*t + 38 = -4*t, 3*t = 3*v - 39. List the prime factors of v.
2, 7
Let r = -15 + 39. List the prime factors of r.
2, 3
List the prime factors of (-3260)/(-28) - 6/14 - -3.
7, 17
Suppose -3 = -5*d + 4*d. Suppose 2*y + 0*y = d*h - 26, 18 = h + 4*y. What are the prime factors of 6/h - 32/(-5)?
7
Let p(s) = s + 5. Let i be p(-5). Suppose i = 2*u - u - 32. List the prime factors of u.
2
Let b(s) = -s**3 + 9*s**2 - 15*s + 10. What are the prime factors of b(7)?
3
List the prime factors of 1*-19*5*8/(-10).
2, 19
Suppose -4*u + 42 = -2. What are the prime factors of u?
11
Let b(s) = 10*s - 8. Let x(p) = -p. Let u be x(-5). What are the prime factors of b(u)?
2, 3, 7
Let h = -45 + 80. What are the prime factors of h?
5, 7
Let a be (32/(-20))/((-1)/(-5)). Let r = a - -12. What are the prime factors of r?
2
Suppose 2*s = 3*s - 63. List the prime factors of s.
3, 7
Let j(h) be the second derivative of h**3 - 2*h. Let d be j(5). Let b = -21 + d. What are the prime factors of b?
3
Let g(z) = -79*z**2 - z. Let o be g(1). Let n be o/(-25)*10/1. Suppose 2*u + 17 = 3*q, -5*u = -2*q - 2*q + n. What are the prime factors of q?
3
Let i(q) = 2*q**2 - q - 6. What are the prime factors of i(-5)?
7
Let c(w) = w - 1. Let o(n) = -n**3 - 3*n**2 - 3*n + 7. Let b(i) = 4*c(i) + o(i). Let g be b(-3). Let d = g - -2. List the prime factors of d.
2
Suppose 69 = 3*c - 81. List the prime factors of c.
2, 5
Let u be (-2)/(-3) + (-62)/(-6). Suppose 29 = 3*o + u. List the prime factors of o.
2, 3
Suppose 0 = -2*k - 29 + 113. List the prime factors of k.
2, 3, 7
Let b(y) = y**2 - y - 4. Let s be b(-2). Suppose 5 - 15 = -5*x, -s*f = 3*x - 90. List the prime factors of f.
2, 3, 7
Let w(k) = 9*k**2 - 8*k - 1. List the prime factors of w(-5).
2, 3, 11
What are the prime factors of (69/9)/((-5)/(-15))?
23
Let u(p) = 19*p**2 - 19*p + 11. List the prime factors of u(5).
17, 23
Let t be 0 + (-4 + 2 - 0). Let z be 1 + t*2 - -7. Let a(x) = -x**2 + 5*x + 1. List the prime factors of a(z).
5
Let c(f) be the first derivative of -f**4/4 - 2*f**3/3 + 3*f**2/2 + 3*f + 1. What are the prime factors of c(-3)?
3
Suppose 100 = 4*b + m - 152, 0 = -2*b + 4*m + 108. List the prime factors of b.
2, 31
Let p be 91/(-52)*(-4)/1. List the prime factors of (-3)/7 - (-38)/p.
5
Let n = -9 - -11. Suppose -n*y = 3 - 43. What are the prime factors of y?
2,